{"id":5253,"date":"2026-01-02T10:43:56","date_gmt":"2026-01-02T09:43:56","guid":{"rendered":"https:\/\/www.cempulik.eu\/shop\/?page_id=5253"},"modified":"2026-01-14T09:35:38","modified_gmt":"2026-01-14T08:35:38","slug":"versand","status":"publish","type":"page","link":"https:\/\/www.cempulik.eu\/shop\/de\/versand\/","title":{"rendered":"Versand"},"content":{"rendered":"\n<div class=\"wp-block-columns is-layout-flex wp-container-core-columns-is-layout-28f84493 wp-block-columns-is-layout-flex\">\n<div class=\"wp-block-column is-layout-flow wp-block-column-is-layout-flow\" style=\"flex-basis:66.66%\">\n<p>Versandinformationen<\/p>\n\n\n\n<p>Wir wissen, wie wichtig es ist, dass Ihr pers\u00f6nlicher Gedenkstein sicher und in einwandfreiem Zustand bei Ihnen ankommt. Daher legen wir gr\u00f6\u00dften Wert auf eine sorgf\u00e4ltige und sichere Lieferung.<\/p>\n\n\n\n<hr class=\"wp-block-separator has-alpha-channel-opacity\"\/>\n\n\n\n<h3 class=\"wp-block-heading\" id=\"h-sichere-verpackung\">Sichere Verpackung<\/h3>\n\n\n\n<p>Alle unsere Granitprodukte werden \u00e4u\u00dferst sorgf\u00e4ltig verpackt, um sie vor Transportsch\u00e4den zu sch\u00fctzen. Wir verwenden eine Kombination aus:<\/p>\n\n\n\n<ul class=\"wp-block-list\">\n<li><strong>Styroporplatten:<\/strong> Zum Abfangen von St\u00f6\u00dfen und zum Schutz der Kanten.<\/li>\n\n\n\n<li><strong>Spanngurten:<\/strong> Um das Produkt stabil im Karton zu fixieren.<\/li>\n\n\n\n<li><strong>Einem stabilen Karton und Stretchfolie:<\/strong> Als \u00e4u\u00dfere Schutzschicht.<\/li>\n<\/ul>\n\n\n\n<p>Jedes Paket wird deutlich mit &#8222;VORSICHT GLAS&#8221; oder &#8222;ZERBRECHLICH&#8221; gekennzeichnet, um eine sorgf\u00e4ltige Handhabung durch den Kurier zu gew\u00e4hrleisten.<\/p>\n\n\n\n<h3 class=\"wp-block-heading\" id=\"h-versicherter-versand\">Versicherter Versand<\/h3>\n\n\n\n<p><strong>Alle unsere Sendungen sind vollst\u00e4ndig versichert.<\/strong> Es liegt in unserer Verantwortung, dass die Ware Sie in einwandfreiem Zustand erreicht. Sie als Kunde tragen kein Risiko f\u00fcr Sch\u00e4den, die w\u00e4hrend des Transports entstehen.<\/p>\n\n\n\n<h3 class=\"wp-block-heading\" id=\"h-bei-erhalt-ihrer-lieferung\">Bei Erhalt Ihrer Lieferung<\/h3>\n\n\n\n<p>Obwohl wir alle Vorkehrungen treffen, k\u00f6nnen Unf\u00e4lle passieren. Um im Falle eines Transportschadens einen schnellen und reibungslosen Ablauf zu gew\u00e4hrleisten, bitten wir Sie um Ihre Mithilfe:<\/p>\n\n\n\n<p><strong>Wir empfehlen Ihnen dringend, das Paket bei Annahme auf \u00e4u\u00dferlich sichtbare Sch\u00e4den zu \u00fcberpr\u00fcfen und, wenn m\u00f6glich, im Beisein des Zustellers zu \u00f6ffnen.<\/strong><\/p>\n\n\n\n<p>Sollten Sie einen Schaden feststellen, ist die beste Vorgehensweise, die Annahme zu verweigern oder den Schaden vom Zusteller auf dem Lieferschein vermerken zu lassen.<\/p>\n\n\n\n<p><strong>Was, wenn Sie den Schaden erst sp\u00e4ter entdecken?<\/strong><br>Keine Sorge! Sollten Sie nach der Abfahrt des Zustellers einen Schaden feststellen, gehen Sie bitte wie folgt vor:<\/p>\n\n\n\n<ol class=\"wp-block-list\">\n<li>Machen Sie Fotos von der Verpackung und dem besch\u00e4digten Artikel.<\/li>\n\n\n\n<li>Kontaktieren Sie uns umgehend \u2013 vorzugsweise innerhalb von 24 Stunden \u2013 unter <strong>firma@cempulik.eu<\/strong>.<\/li>\n<\/ol>\n\n\n\n<p>Wir werden uns sofort um die Angelegenheit k\u00fcmmern und sicherstellen, dass Sie schnellstm\u00f6glich und ohne zus\u00e4tzliche Kosten eine neue, einwandfreie Ware erhalten.<\/p>\n\n\n\n<p>Ihre Zufriedenheit und Sicherheit haben f\u00fcr uns oberste Priorit\u00e4t.<\/p>\n<\/div>\n\n\n\n<div class=\"wp-block-column is-layout-flow wp-block-column-is-layout-flow\" style=\"flex-basis:33.33%\">\n<figure class=\"wp-block-image size-full\"><img decoding=\"async\" width=\"455\" height=\"600\" src=\"https:\/\/www.cempulik.eu\/shop\/wp-content\/uploads\/2024\/03\/paczki.webp\" alt=\"spakowane paczki z p\u0142ytami granitowymi\" class=\"wp-image-5254\" srcset=\"https:\/\/www.cempulik.eu\/shop\/wp-content\/uploads\/2024\/03\/paczki.webp 455w, https:\/\/www.cempulik.eu\/shop\/wp-content\/uploads\/2024\/03\/paczki-228x300.webp 228w\" sizes=\"(max-width: 455px) 100vw, 455px\" \/><\/figure>\n<\/div>\n<\/div>\n\n\n\n<div class=\"wp-block-columns is-layout-flex wp-container-core-columns-is-layout-28f84493 wp-block-columns-is-layout-flex\">\n<div class=\"wp-block-column is-layout-flow wp-block-column-is-layout-flow\">\n<figure class=\"wp-block-image size-full\"><img decoding=\"async\" width=\"388\" height=\"481\" src=\"https:\/\/www.cempulik.eu\/shop\/wp-content\/uploads\/2024\/03\/paczka3600.webp\" alt=\"\" class=\"wp-image-5255\" srcset=\"https:\/\/www.cempulik.eu\/shop\/wp-content\/uploads\/2024\/03\/paczka3600.webp 388w, https:\/\/www.cempulik.eu\/shop\/wp-content\/uploads\/2024\/03\/paczka3600-242x300.webp 242w\" sizes=\"(max-width: 388px) 100vw, 388px\" \/><\/figure>\n<\/div>\n\n\n\n<div class=\"wp-block-column is-layout-flow wp-block-column-is-layout-flow\">\n<figure class=\"wp-block-image size-full\"><img decoding=\"async\" width=\"400\" height=\"392\" src=\"https:\/\/www.cempulik.eu\/shop\/wp-content\/uploads\/2024\/03\/paczka4.webp\" alt=\"\" class=\"wp-image-5256\" srcset=\"https:\/\/www.cempulik.eu\/shop\/wp-content\/uploads\/2024\/03\/paczka4.webp 400w, https:\/\/www.cempulik.eu\/shop\/wp-content\/uploads\/2024\/03\/paczka4-300x294.webp 300w\" sizes=\"(max-width: 400px) 100vw, 400px\" \/><\/figure>\n<\/div>\n<\/div>\n","protected":false},"excerpt":{"rendered":"<p>Versandinformationen Wir wissen, wie wichtig es ist, dass Ihr pers\u00f6nlicher Gedenkstein sicher und in einwandfreiem Zustand bei Ihnen ankommt. Daher legen wir gr\u00f6\u00dften Wert auf eine sorgf\u00e4ltige und sichere Lieferung. Sichere Verpackung Alle unsere Granitprodukte werden \u00e4u\u00dferst sorgf\u00e4ltig verpackt, um sie vor Transportsch\u00e4den zu sch\u00fctzen. Wir verwenden eine Kombination aus: Jedes Paket wird deutlich mit [&hellip;]<\/p>\n","protected":false},"author":1,"featured_media":0,"parent":0,"menu_order":0,"comment_status":"closed","ping_status":"closed","template":"","meta":{"site-sidebar-layout":"default","site-content-layout":"","ast-site-content-layout":"default","site-content-style":"default","site-sidebar-style":"default","ast-global-header-display":"","ast-banner-title-visibility":"","ast-main-header-display":"","ast-hfb-above-header-display":"","ast-hfb-below-header-display":"","ast-hfb-mobile-header-display":"","site-post-title":"","ast-breadcrumbs-content":"","ast-featured-img":"","footer-sml-layout":"","ast-disable-related-posts":"","theme-transparent-header-meta":"","adv-header-id-meta":"","stick-header-meta":"","header-above-stick-meta":"","header-main-stick-meta":"","header-below-stick-meta":"","astra-migrate-meta-layouts":"set","ast-page-background-enabled":"default","ast-page-background-meta":{"desktop":{"background-color":"var(--ast-global-color-4)","background-image":"","background-repeat":"repeat","background-position":"center center","background-size":"auto","background-attachment":"scroll","background-type":"","background-media":"","overlay-type":"","overlay-color":"","overlay-opacity":"","overlay-gradient":""},"tablet":{"background-color":"","background-image":"","background-repeat":"repeat","background-position":"center center","background-size":"auto","background-attachment":"scroll","background-type":"","background-media":"","overlay-type":"","overlay-color":"","overlay-opacity":"","overlay-gradient":""},"mobile":{"background-color":"","background-image":"","background-repeat":"repeat","background-position":"center center","background-size":"auto","background-attachment":"scroll","background-type":"","background-media":"","overlay-type":"","overlay-color":"","overlay-opacity":"","overlay-gradient":""}},"ast-content-background-meta":{"desktop":{"background-color":"var(--ast-global-color-5)","background-image":"","background-repeat":"repeat","background-position":"center center","background-size":"auto","background-attachment":"scroll","background-type":"","background-media":"","overlay-type":"","overlay-color":"","overlay-opacity":"","overlay-gradient":""},"tablet":{"background-color":"var(--ast-global-color-5)","background-image":"","background-repeat":"repeat","background-position":"center center","background-size":"auto","background-attachment":"scroll","background-type":"","background-media":"","overlay-type":"","overlay-color":"","overlay-opacity":"","overlay-gradient":""},"mobile":{"background-color":"var(--ast-global-color-5)","background-image":"","background-repeat":"repeat","background-position":"center center","background-size":"auto","background-attachment":"scroll","background-type":"","background-media":"","overlay-type":"","overlay-color":"","overlay-opacity":"","overlay-gradient":""}},"footnotes":""},"class_list":["post-5253","page","type-page","status-publish","hentry"],"yoast_head":"<!-- This site is optimized with the Yoast SEO Premium plugin v26.7 (Yoast SEO v26.7) - https:\/\/yoast.com\/wordpress\/plugins\/seo\/ -->\n<title>Versand - Producent Nagrobk\u00f3w dla Zwierz\u0105t | Tablice i Portrety Nagrobne<\/title>\n<meta name=\"description\" content=\"Zawieramy kilka informacji dotycz\u0105cych dostawy nagrobka\" \/>\n<meta name=\"robots\" content=\"index, follow, max-snippet:-1, max-image-preview:large, max-video-preview:-1\" \/>\n<link rel=\"canonical\" href=\"https:\/\/www.cempulik.eu\/shop\/de\/versand\/\" \/>\n<meta property=\"og:locale\" content=\"pl_PL\" \/>\n<meta property=\"og:type\" content=\"article\" \/>\n<meta property=\"og:title\" content=\"Versand - Producent Nagrobk\u00f3w dla Zwierz\u0105t | Tablice i Portrety Nagrobne\" \/>\n<meta property=\"og:description\" content=\"Zawieramy kilka informacji dotycz\u0105cych dostawy nagrobka\" \/>\n<meta property=\"og:url\" content=\"https:\/\/www.cempulik.eu\/shop\/de\/versand\/\" \/>\n<meta property=\"og:site_name\" content=\"Producent Nagrobk\u00f3w dla Zwierz\u0105t | Tablice i Portrety Nagrobne\" \/>\n<meta property=\"article:publisher\" content=\"https:\/\/m.facebook.com\/profile.php?id=100063565541500&amp;_rdr\" \/>\n<meta property=\"article:modified_time\" content=\"2026-01-14T08:35:38+00:00\" \/>\n<meta property=\"og:image\" content=\"https:\/\/www.cempulik.eu\/shop\/wp-content\/uploads\/2024\/03\/paczki.webp\" \/>\n\t<meta property=\"og:image:width\" content=\"455\" \/>\n\t<meta property=\"og:image:height\" content=\"600\" \/>\n\t<meta property=\"og:image:type\" content=\"image\/webp\" \/>\n<meta name=\"twitter:card\" content=\"summary_large_image\" \/>\n<meta name=\"twitter:label1\" content=\"Szacowany czas czytania\" \/>\n\t<meta name=\"twitter:data1\" content=\"3 minuty\" \/>\n<script type=\"application\/ld+json\" class=\"yoast-schema-graph\">{\"@context\":\"https:\/\/schema.org\",\"@graph\":[{\"@type\":\"WebPage\",\"@id\":\"https:\/\/www.cempulik.eu\/shop\/de\/versand\/\",\"url\":\"https:\/\/www.cempulik.eu\/shop\/de\/versand\/\",\"name\":\"Versand - Producent Nagrobk\u00f3w dla Zwierz\u0105t | Tablice i Portrety Nagrobne\",\"isPartOf\":{\"@id\":\"https:\/\/www.cempulik.eu\/shop\/#website\"},\"primaryImageOfPage\":{\"@id\":\"https:\/\/www.cempulik.eu\/shop\/de\/versand\/#primaryimage\"},\"image\":{\"@id\":\"https:\/\/www.cempulik.eu\/shop\/de\/versand\/#primaryimage\"},\"thumbnailUrl\":\"https:\/\/www.cempulik.eu\/shop\/wp-content\/uploads\/2024\/03\/paczki.webp\",\"datePublished\":\"2026-01-02T09:43:56+00:00\",\"dateModified\":\"2026-01-14T08:35:38+00:00\",\"description\":\"Zawieramy kilka informacji dotycz\u0105cych dostawy nagrobka\",\"inLanguage\":\"pl-PL\",\"potentialAction\":[{\"@type\":\"ReadAction\",\"target\":[\"https:\/\/www.cempulik.eu\/shop\/de\/versand\/\"]}]},{\"@type\":\"ImageObject\",\"inLanguage\":\"pl-PL\",\"@id\":\"https:\/\/www.cempulik.eu\/shop\/de\/versand\/#primaryimage\",\"url\":\"https:\/\/www.cempulik.eu\/shop\/wp-content\/uploads\/2024\/03\/paczki.webp\",\"contentUrl\":\"https:\/\/www.cempulik.eu\/shop\/wp-content\/uploads\/2024\/03\/paczki.webp\",\"width\":455,\"height\":600,\"caption\":\"spakowane paczki z p\u0142ytami granitowymi\"},{\"@type\":\"WebSite\",\"@id\":\"https:\/\/www.cempulik.eu\/shop\/#website\",\"url\":\"https:\/\/www.cempulik.eu\/shop\/\",\"name\":\"Producent Nagrobk\u00f3w dla Zwierz\u0105t | Tablice i Portrety Nagrobne\",\"description\":\"\",\"publisher\":{\"@id\":\"https:\/\/www.cempulik.eu\/shop\/#organization\"},\"potentialAction\":[{\"@type\":\"SearchAction\",\"target\":{\"@type\":\"EntryPoint\",\"urlTemplate\":\"https:\/\/www.cempulik.eu\/shop\/?s={search_term_string}\"},\"query-input\":{\"@type\":\"PropertyValueSpecification\",\"valueRequired\":true,\"valueName\":\"search_term_string\"}}],\"inLanguage\":\"pl-PL\"},{\"@type\":[\"Organization\",\"Place\"],\"@id\":\"https:\/\/www.cempulik.eu\/shop\/#organization\",\"name\":\"Us\u0142ugi Kamieniarskie Cempulik Stanis\u0142aw\",\"url\":\"https:\/\/www.cempulik.eu\/shop\/\",\"logo\":{\"@id\":\"https:\/\/www.cempulik.eu\/shop\/de\/versand\/#local-main-organization-logo\"},\"image\":{\"@id\":\"https:\/\/www.cempulik.eu\/shop\/de\/versand\/#local-main-organization-logo\"},\"sameAs\":[\"https:\/\/m.facebook.com\/profile.php?id=100063565541500&_rdr\"],\"address\":{\"@id\":\"https:\/\/www.cempulik.eu\/shop\/de\/versand\/#local-main-place-address\"},\"telephone\":[\"+48698936157\"],\"contactPoint\":{\"@type\":\"ContactPoint\",\"telephone\":\"+48698936157\",\"email\":\"firma@cempulik.eu\"},\"openingHoursSpecification\":[{\"@type\":\"OpeningHoursSpecification\",\"dayOfWeek\":[\"Monday\",\"Tuesday\",\"Wednesday\",\"Thursday\",\"Friday\",\"Saturday\",\"Sunday\"],\"opens\":\"07:00\",\"closes\":\"16:00\"}],\"email\":\"firma@cempulik.eu\",\"taxID\":\"6261055842\"},{\"@type\":\"PostalAddress\",\"@id\":\"https:\/\/www.cempulik.eu\/shop\/de\/versand\/#local-main-place-address\",\"streetAddress\":\"Drzewna 23\",\"addressLocality\":\"Bytom\",\"postalCode\":\"41-935\",\"addressRegion\":\"\u015al\u0105skie\",\"addressCountry\":\"PL\"},{\"@type\":\"ImageObject\",\"inLanguage\":\"pl-PL\",\"@id\":\"https:\/\/www.cempulik.eu\/shop\/de\/versand\/#local-main-organization-logo\",\"url\":\"https:\/\/www.cempulik.eu\/shop\/wp-content\/uploads\/2023\/02\/cropped-logo_footer__.png\",\"contentUrl\":\"https:\/\/www.cempulik.eu\/shop\/wp-content\/uploads\/2023\/02\/cropped-logo_footer__.png\",\"width\":512,\"height\":512,\"caption\":\"Us\u0142ugi Kamieniarskie Cempulik Stanis\u0142aw\"}]}<\/script>\n<meta name=\"geo.placename\" content=\"Bytom\" \/>\n<meta name=\"geo.region\" content=\"Polska\" \/>\n<!-- \/ Yoast SEO Premium plugin. -->","yoast_head_json":{"title":"Versand - Producent Nagrobk\u00f3w dla Zwierz\u0105t | Tablice i Portrety Nagrobne","description":"Zawieramy kilka informacji dotycz\u0105cych dostawy nagrobka","robots":{"index":"index","follow":"follow","max-snippet":"max-snippet:-1","max-image-preview":"max-image-preview:large","max-video-preview":"max-video-preview:-1"},"canonical":"https:\/\/www.cempulik.eu\/shop\/de\/versand\/","og_locale":"pl_PL","og_type":"article","og_title":"Versand - Producent Nagrobk\u00f3w dla Zwierz\u0105t | Tablice i Portrety Nagrobne","og_description":"Zawieramy kilka informacji dotycz\u0105cych dostawy nagrobka","og_url":"https:\/\/www.cempulik.eu\/shop\/de\/versand\/","og_site_name":"Producent Nagrobk\u00f3w dla Zwierz\u0105t | Tablice i Portrety Nagrobne","article_publisher":"https:\/\/m.facebook.com\/profile.php?id=100063565541500&_rdr","article_modified_time":"2026-01-14T08:35:38+00:00","og_image":[{"width":455,"height":600,"url":"https:\/\/www.cempulik.eu\/shop\/wp-content\/uploads\/2024\/03\/paczki.webp","type":"image\/webp"}],"twitter_card":"summary_large_image","twitter_misc":{"Szacowany czas czytania":"3 minuty"},"schema":{"@context":"https:\/\/schema.org","@graph":[{"@type":"WebPage","@id":"https:\/\/www.cempulik.eu\/shop\/de\/versand\/","url":"https:\/\/www.cempulik.eu\/shop\/de\/versand\/","name":"Versand - Producent Nagrobk\u00f3w dla Zwierz\u0105t | Tablice i Portrety Nagrobne","isPartOf":{"@id":"https:\/\/www.cempulik.eu\/shop\/#website"},"primaryImageOfPage":{"@id":"https:\/\/www.cempulik.eu\/shop\/de\/versand\/#primaryimage"},"image":{"@id":"https:\/\/www.cempulik.eu\/shop\/de\/versand\/#primaryimage"},"thumbnailUrl":"https:\/\/www.cempulik.eu\/shop\/wp-content\/uploads\/2024\/03\/paczki.webp","datePublished":"2026-01-02T09:43:56+00:00","dateModified":"2026-01-14T08:35:38+00:00","description":"Zawieramy kilka informacji dotycz\u0105cych dostawy nagrobka","inLanguage":"pl-PL","potentialAction":[{"@type":"ReadAction","target":["https:\/\/www.cempulik.eu\/shop\/de\/versand\/"]}]},{"@type":"ImageObject","inLanguage":"pl-PL","@id":"https:\/\/www.cempulik.eu\/shop\/de\/versand\/#primaryimage","url":"https:\/\/www.cempulik.eu\/shop\/wp-content\/uploads\/2024\/03\/paczki.webp","contentUrl":"https:\/\/www.cempulik.eu\/shop\/wp-content\/uploads\/2024\/03\/paczki.webp","width":455,"height":600,"caption":"spakowane paczki z p\u0142ytami granitowymi"},{"@type":"WebSite","@id":"https:\/\/www.cempulik.eu\/shop\/#website","url":"https:\/\/www.cempulik.eu\/shop\/","name":"Producent Nagrobk\u00f3w dla Zwierz\u0105t | Tablice i Portrety Nagrobne","description":"","publisher":{"@id":"https:\/\/www.cempulik.eu\/shop\/#organization"},"potentialAction":[{"@type":"SearchAction","target":{"@type":"EntryPoint","urlTemplate":"https:\/\/www.cempulik.eu\/shop\/?s={search_term_string}"},"query-input":{"@type":"PropertyValueSpecification","valueRequired":true,"valueName":"search_term_string"}}],"inLanguage":"pl-PL"},{"@type":["Organization","Place"],"@id":"https:\/\/www.cempulik.eu\/shop\/#organization","name":"Us\u0142ugi Kamieniarskie Cempulik Stanis\u0142aw","url":"https:\/\/www.cempulik.eu\/shop\/","logo":{"@id":"https:\/\/www.cempulik.eu\/shop\/de\/versand\/#local-main-organization-logo"},"image":{"@id":"https:\/\/www.cempulik.eu\/shop\/de\/versand\/#local-main-organization-logo"},"sameAs":["https:\/\/m.facebook.com\/profile.php?id=100063565541500&_rdr"],"address":{"@id":"https:\/\/www.cempulik.eu\/shop\/de\/versand\/#local-main-place-address"},"telephone":["+48698936157"],"contactPoint":{"@type":"ContactPoint","telephone":"+48698936157","email":"firma@cempulik.eu"},"openingHoursSpecification":[{"@type":"OpeningHoursSpecification","dayOfWeek":["Monday","Tuesday","Wednesday","Thursday","Friday","Saturday","Sunday"],"opens":"07:00","closes":"16:00"}],"email":"firma@cempulik.eu","taxID":"6261055842"},{"@type":"PostalAddress","@id":"https:\/\/www.cempulik.eu\/shop\/de\/versand\/#local-main-place-address","streetAddress":"Drzewna 23","addressLocality":"Bytom","postalCode":"41-935","addressRegion":"\u015al\u0105skie","addressCountry":"PL"},{"@type":"ImageObject","inLanguage":"pl-PL","@id":"https:\/\/www.cempulik.eu\/shop\/de\/versand\/#local-main-organization-logo","url":"https:\/\/www.cempulik.eu\/shop\/wp-content\/uploads\/2023\/02\/cropped-logo_footer__.png","contentUrl":"https:\/\/www.cempulik.eu\/shop\/wp-content\/uploads\/2023\/02\/cropped-logo_footer__.png","width":512,"height":512,"caption":"Us\u0142ugi Kamieniarskie Cempulik Stanis\u0142aw"}]},"geo.placename":"Bytom","geo.region":"Polska"},"lang":"de","translations":{"de":5253,"pl":1040,"en":5562,"dk":5571},"pll_sync_post":[],"_links":{"self":[{"href":"https:\/\/www.cempulik.eu\/shop\/wp-json\/wp\/v2\/pages\/5253","targetHints":{"allow":["GET"]}}],"collection":[{"href":"https:\/\/www.cempulik.eu\/shop\/wp-json\/wp\/v2\/pages"}],"about":[{"href":"https:\/\/www.cempulik.eu\/shop\/wp-json\/wp\/v2\/types\/page"}],"author":[{"embeddable":true,"href":"https:\/\/www.cempulik.eu\/shop\/wp-json\/wp\/v2\/users\/1"}],"replies":[{"embeddable":true,"href":"https:\/\/www.cempulik.eu\/shop\/wp-json\/wp\/v2\/comments?post=5253"}],"version-history":[{"count":1,"href":"https:\/\/www.cempulik.eu\/shop\/wp-json\/wp\/v2\/pages\/5253\/revisions"}],"predecessor-version":[{"id":5598,"href":"https:\/\/www.cempulik.eu\/shop\/wp-json\/wp\/v2\/pages\/5253\/revisions\/5598"}],"wp:attachment":[{"href":"https:\/\/www.cempulik.eu\/shop\/wp-json\/wp\/v2\/media?parent=5253"}],"curies":[{"name":"wp","href":"https:\/\/api.w.org\/{rel}","templated":true}]}}