{"id":6235,"date":"2026-04-16T12:14:59","date_gmt":"2026-04-16T10:14:59","guid":{"rendered":"https:\/\/www.cempulik.eu\/shop\/produkt\/engraved-portrait-on-granite-13x18x1-cm\/"},"modified":"2026-04-16T12:14:59","modified_gmt":"2026-04-16T10:14:59","slug":"engraved-portrait-on-granite-13x18x1-cm","status":"publish","type":"product","link":"https:\/\/www.cempulik.eu\/shop\/produkt\/engraved-portrait-on-granite-13x18x1-cm\/","title":{"rendered":"Engraved Portrait on Granite 13x18x1 cm"},"content":{"rendered":"<p>Upami\u0119tnij swoich bliskich w spos\u00f3b trwa\u0142y i godny. Nasze grawerowane zdj\u0119cie osoby zmar\u0142ej na nagrobku to nie tylko elegancja, ale tak\u017ce trwa\u0142o\u015b\u0107 przez lata.<\/p>\n<h3><strong>Opis Produktu:<\/strong><\/h3>\n<p>Grawerowane zdj\u0119cie wykonane zostanie na czarnej p\u0142ytce granitowej o wymiarach 350mm x 250mm x 10mm. Jest to opcja minimalistyczna, idealna dla tych, kt\u00f3rzy ceni\u0105 sobie prostot\u0119 i elegancj\u0119. Mo\u017cemy dostosowa\u0107 zar\u00f3wno wielko\u015b\u0107 p\u0142ytki, jak i graweru do Twoich indywidualnych potrzeb.<\/p>\n<h3><strong>Monta\u017c:<\/strong><\/h3>\n<p>P\u0142ytk\u0119 mo\u017cna bezpo\u015brednio przyklei\u0107 do pionowej tablicy granitowej lub ustawi\u0107 na p\u0142ycie poziomej dzi\u0119ki klinowi z ty\u0142u.<\/p>\n<p>\u00a0<\/p>\n<h3>Jakie zdj\u0119cie na pomnik?<\/h3>\n<p data-sourcepos=\"5:1-5:45\">\u00a0Oferujemy <strong>trzy rodzaje zdj\u0119\u0107 na nagrobki<\/strong>:<\/p>\n<p data-sourcepos=\"7:1-7:27\"><strong>1. Zdj\u0119cie grawerowane:<\/strong><\/p>\n<ul data-sourcepos=\"9:1-13:0\">\n<li data-sourcepos=\"9:1-9:37\">Elegancki i minimalistyczny wygl\u0105d.<\/li>\n<li data-sourcepos=\"10:1-10:44\">Bezpo\u015brednio na czarnej tablicy nagrobnej.<\/li>\n<li data-sourcepos=\"11:1-11:45\">Dost\u0119pne w r\u00f3\u017cnych rozmiarach i kszta\u0142tach.<\/li>\n<li data-sourcepos=\"12:1-13:0\">Trwa\u0142e i odporne na warunki atmosferyczne.<\/li>\n<li data-sourcepos=\"12:1-13:0\">cena jak w tym produkcie<\/li>\n<\/ul>\n<p data-sourcepos=\"14:1-14:27\"><strong>2. Zdj\u0119cie porcelanowe <a href=\"\/products\/520-zdjecie-porcelanowe-9x12\/\">Zdj\u0119cie porcelanowe 9&#215;12<\/a>:<\/strong><\/p>\n<ul data-sourcepos=\"16:1-20:0\">\n<li data-sourcepos=\"16:1-16:53\">Wysoka jako\u015b\u0107 i odporno\u015b\u0107 na warunki atmosferyczne.<\/li>\n<li data-sourcepos=\"17:1-17:71\">Wykonane na p\u0142ytkach ceramicznych i wypalane w wysokiej temperaturze.<\/li>\n<li data-sourcepos=\"18:1-18:46\">Dost\u0119pne w wersji kolorowej i czarno-bia\u0142ej.<\/li>\n<li data-sourcepos=\"19:1-20:0\">Mo\u017cliwo\u015b\u0107 wyboru kszta\u0142tu owalnego lub prostok\u0105tnego.<\/li>\n<\/ul>\n<p data-sourcepos=\"21:1-21:41\"><strong>3. Zdj\u0119cie wypalane na fotokrysztale <a href=\"\/products\/201-zdjecie-fotokrysztal-9x12cm\/\">Zdj\u0119cie wypalone w fotokrysztale 9&#215;12 cm<\/a>:<\/strong><\/p>\n<ul data-sourcepos=\"23:1-27:0\">\n<li data-sourcepos=\"23:1-23:31\">Nowoczesna i efektowna opcja.<\/li>\n<li data-sourcepos=\"24:1-24:46\">Dost\u0119pne w wersji kolorowej i czarno-bia\u0142ej.<\/li>\n<li data-sourcepos=\"25:1-25:30\">Tr\u00f3jwymiarowy efekt zdj\u0119cia.<\/li>\n<li data-sourcepos=\"26:1-27:0\">Odporne na warunki atmosferyczne.<\/li>\n<\/ul>\n<p data-sourcepos=\"28:1-28:58\"><strong>Przy wyborze zdj\u0119cia na pomnik nale\u017cy wzi\u0105\u0107 pod uwag\u0119:<\/strong><\/p>\n<ul data-sourcepos=\"30:1-34:0\">\n<li data-sourcepos=\"30:1-30:85\"><strong>Jako\u015b\u0107 zdj\u0119cia:<\/strong> Wybierz zdj\u0119cie o wysokiej rozdzielczo\u015bci i dobrym o\u015bwietleniu.<\/li>\n<li data-sourcepos=\"31:1-31:89\"><strong>Wygl\u0105d zdj\u0119cia:<\/strong> Zastan\u00f3w si\u0119, czy wolisz zdj\u0119cie kolorowe, a mo\u017ce czarno-bia\u0142e lub sepi\u0119.<\/li>\n<li data-sourcepos=\"32:1-32:109\"><strong>Odporno\u015b\u0107 na warunki atmosferyczne:<\/strong> Wybierz technik\u0119 wykonania zdj\u0119cia, kt\u00f3ra gwarantuje jego trwa\u0142o\u015b\u0107.<\/li>\n<li data-sourcepos=\"33:1-34:0\"><strong>Osobiste preferencje:<\/strong> Wybierz zdj\u0119cie, kt\u00f3re najlepiej oddaje charakter i osobowo\u015b\u0107 zmar\u0142ego.<\/li>\n<\/ul>\n<p data-sourcepos=\"35:1-35:20\"><strong>Dodatkowe opcje:<\/strong><\/p>\n<ul data-sourcepos=\"37:1-39:0\">\n<li data-sourcepos=\"37:1-37:34\">Grawerowana dedykacja lub cytat.<\/li>\n<li data-sourcepos=\"38:1-39:0\">Fotomonta\u017c \u0142\u0105cz\u0105cy kilka zdj\u0119\u0107 w jedno.<\/li>\n<\/ul>\n<p data-sourcepos=\"40:1-40:83\"><strong>Skontaktuj si\u0119 z nami, a pomo\u017cemy Ci wybra\u0107 najlepsz\u0105 opcj\u0119 dla Twoich potrzeb.<\/strong><\/p>\n<p data-sourcepos=\"42:1-42:129\"><strong>Pami\u0119taj:<\/strong> Zdj\u0119cie na pomniku to nie tylko ozdoba. To spos\u00f3b na upami\u0119tnienie bliskiej osoby i zachowanie jej pami\u0119ci na lata.<\/p>\n<p data-sourcepos=\"44:1-44:83\"><strong>Zam\u00f3w ju\u017c dzi\u015b zdj\u0119cie na nagrobek i uczcij pami\u0119\u0107 bliskich w wyj\u0105tkowy spos\u00f3b.<\/strong><\/p>\n<p data-sourcepos=\"46:1-46:184\"><strong>Link do produktu:<\/strong> <a class=\"traceable-link\" href=\"\/products\/87-zdjecie-osoby-zmarlej-na-nagrobek-30x20cm\/\" rel=\"noopener noreferrer\" target=\"_blank\">https:\/\/www.cempulik.eu\/products\/zdjecie-osoby-zmarlej-na-nagrobek-30x20cm\/<\/a><\/p>\n<p data-sourcepos=\"48:1-48:25\"><strong>Dodatkowe informacje:<\/strong><\/p>\n<ul data-sourcepos=\"50:1-53:0\">\n<li data-sourcepos=\"50:1-50:75\">W ofercie posiadamy zdj\u0119cia na nagrobki w r\u00f3\u017cnych rozmiarach i formatach.<\/li>\n<li data-sourcepos=\"51:1-51:47\">Gwarantujemy wysok\u0105 jako\u015b\u0107 druku i wykonania.<\/li>\n<li data-sourcepos=\"52:1-53:0\">Zapewniamy szybk\u0105 realizacj\u0119 zam\u00f3wienia.<\/li>\n<\/ul>\n<p data-sourcepos=\"54:1-54:48\"><strong>Zapraszamy do zapoznania si\u0119 z nasz\u0105 ofert\u0105!<\/strong><\/p>\n<p>\u00a0<\/p>\n<p>\u00a0<\/p>\n<p>\u00a0<\/p>\n<h3>Sprawd\u017a r\u00f3wnie\u017c:<\/h3>\n<ul>\n<li><a href=\"\/products\/4380-grawerowane-zdjecie-osoby-zmarlej-na-nagrobek-35x25cm\/\">grawerowane-zdjecie-osoby-zmarlej-na-nagrobek-35x25cm<\/a><\/li>\n<\/ul>\n","protected":false},"excerpt":{"rendered":"<p>Grawerowane zdj\u0119cie osoby zmar\u0142ej o wymiarach 35x25cm pozwala uczci\u0107 pami\u0119\u0107 bliskich . Wykonane na czarnej p\u0142ytce granitowej, te eleganckie i trwa\u0142e zdj\u0119cia to doskona\u0142y spos\u00f3b na upami\u0119tnienie ukochanej osoby. Dost\u0119pne w r\u00f3\u017cnych rozmiarach i formatach, gwarantuj\u0105 wysok\u0105 jako\u015b\u0107 druku i wykonania. Zam\u00f3w ju\u017c dzi\u015b i stw\u00f3rz niezwyk\u0142\u0105 pami\u0105tk\u0119.<\/p>\n","protected":false},"featured_media":115,"comment_status":"open","ping_status":"closed","template":"","meta":{"site-sidebar-layout":"default","site-content-layout":"","ast-site-content-layout":"default","site-content-style":"default","site-sidebar-style":"default","ast-global-header-display":"","ast-banner-title-visibility":"","ast-main-header-display":"","ast-hfb-above-header-display":"","ast-hfb-below-header-display":"","ast-hfb-mobile-header-display":"","site-post-title":"","ast-breadcrumbs-content":"","ast-featured-img":"","footer-sml-layout":"","ast-disable-related-posts":"","theme-transparent-header-meta":"","adv-header-id-meta":"","stick-header-meta":"","header-above-stick-meta":"","header-main-stick-meta":"","header-below-stick-meta":"","astra-migrate-meta-layouts":"default","ast-page-background-enabled":"default","ast-page-background-meta":{"desktop":{"background-color":"var(--ast-global-color-4)","background-image":"","background-repeat":"repeat","background-position":"center center","background-size":"auto","background-attachment":"scroll","background-type":"","background-media":"","overlay-type":"","overlay-color":"","overlay-opacity":"","overlay-gradient":""},"tablet":{"background-color":"","background-image":"","background-repeat":"repeat","background-position":"center center","background-size":"auto","background-attachment":"scroll","background-type":"","background-media":"","overlay-type":"","overlay-color":"","overlay-opacity":"","overlay-gradient":""},"mobile":{"background-color":"","background-image":"","background-repeat":"repeat","background-position":"center center","background-size":"auto","background-attachment":"scroll","background-type":"","background-media":"","overlay-type":"","overlay-color":"","overlay-opacity":"","overlay-gradient":""}},"ast-content-background-meta":{"desktop":{"background-color":"var(--ast-global-color-5)","background-image":"","background-repeat":"repeat","background-position":"center center","background-size":"auto","background-attachment":"scroll","background-type":"","background-media":"","overlay-type":"","overlay-color":"","overlay-opacity":"","overlay-gradient":""},"tablet":{"background-color":"var(--ast-global-color-5)","background-image":"","background-repeat":"repeat","background-position":"center center","background-size":"auto","background-attachment":"scroll","background-type":"","background-media":"","overlay-type":"","overlay-color":"","overlay-opacity":"","overlay-gradient":""},"mobile":{"background-color":"var(--ast-global-color-5)","background-image":"","background-repeat":"repeat","background-position":"center center","background-size":"auto","background-attachment":"scroll","background-type":"","background-media":"","overlay-type":"","overlay-color":"","overlay-opacity":"","overlay-gradient":""}}},"product_brand":[],"product_cat":[39,22,337,54,31,1002,55,57,40,25,52,16,17,19,1064,1094,1066,42,45,20,47,26,21,62,360,41,18,51,58,53],"product_tag":[],"class_list":{"0":"post-6235","1":"product","2":"type-product","3":"status-publish","4":"has-post-thumbnail","6":"product_cat-akcesoria-nagrobne","7":"product_cat-architektura","8":"product_cat-bez-kategorii","9":"product_cat-fotokrysztal","10":"product_cat-glaz-jako-pomnik","11":"product_cat-glazy-na-lesne-cmentarze-naturalne-pomniki","12":"product_cat-grawerowane","13":"product_cat-inne","14":"product_cat-ksiazki-granitowe","15":"product_cat-liternictwo-nagrobne","16":"product_cat-nagrobki-dla-zwierzat","17":"product_cat-nagrobki-dla-zwierzat-plyty","18":"product_cat-nagrobki-dla-zwierzat-w-roznych-ksztaltach","19":"product_cat-nagrody-w-zawodach","20":"product_cat-natural-boulder-memorials-for-forest-cemeteries","21":"product_cat-naturgrabsteine-findlinge-waldfriedhof","22":"product_cat-natursten-og-mindesten-skovkirkegard","23":"product_cat-papirusy","24":"product_cat-plyty-granitowe-bez-napisu","25":"product_cat-plyty-nagrobne","26":"product_cat-poduszki-granitowe","27":"product_cat-porcelanowe","28":"product_cat-prezenty","29":"product_cat-projekty-personalizowane","30":"product_cat-prostokatne-plyty","31":"product_cat-serca-granitowe","32":"product_cat-sposoby-montazu","33":"product_cat-uslugi","34":"product_cat-wazony-nagrobne","35":"product_cat-zdjecia-nagrobne","36":"desktop-align-center","37":"tablet-align-left","38":"mobile-align-left","39":"ast-product-gallery-layout-horizontal-slider","40":"ast-product-tabs-layout-horizontal","42":"first","43":"instock","44":"shipping-taxable","45":"purchasable","46":"product-type-simple"},"yoast_head":"<!-- This site is optimized with the Yoast SEO Premium plugin v26.7 (Yoast SEO v26.7) - https:\/\/yoast.com\/wordpress\/plugins\/seo\/ -->\n<title>Engraved Portrait on Granite 13x18x1 cm - Producent Nagrobk\u00f3w dla Zwierz\u0105t | Tablice i Portrety Nagrobne<\/title>\n<meta name=\"robots\" content=\"index, follow, max-snippet:-1, max-image-preview:large, max-video-preview:-1\" \/>\n<link rel=\"canonical\" href=\"https:\/\/www.cempulik.eu\/shop\/produkt\/engraved-portrait-on-granite-13x18x1-cm\/\" \/>\n<meta property=\"og:locale\" content=\"pl_PL\" \/>\n<meta property=\"og:type\" content=\"article\" \/>\n<meta property=\"og:title\" content=\"Engraved Portrait on Granite 13x18x1 cm - Producent Nagrobk\u00f3w dla Zwierz\u0105t | Tablice i Portrety Nagrobne\" \/>\n<meta property=\"og:description\" content=\"Grawerowane zdj\u0119cie osoby zmar\u0142ej o wymiarach 35x25cm pozwala uczci\u0107 pami\u0119\u0107 bliskich . Wykonane na czarnej p\u0142ytce granitowej, te eleganckie i trwa\u0142e zdj\u0119cia to doskona\u0142y spos\u00f3b na upami\u0119tnienie ukochanej osoby. Dost\u0119pne w r\u00f3\u017cnych rozmiarach i formatach, gwarantuj\u0105 wysok\u0105 jako\u015b\u0107 druku i wykonania. Zam\u00f3w ju\u017c dzi\u015b i stw\u00f3rz niezwyk\u0142\u0105 pami\u0105tk\u0119.\" \/>\n<meta property=\"og:url\" content=\"https:\/\/www.cempulik.eu\/shop\/produkt\/engraved-portrait-on-granite-13x18x1-cm\/\" \/>\n<meta property=\"og:site_name\" content=\"Producent Nagrobk\u00f3w dla Zwierz\u0105t | Tablice i Portrety Nagrobne\" \/>\n<meta property=\"article:publisher\" content=\"https:\/\/m.facebook.com\/profile.php?id=100063565541500&amp;_rdr\" \/>\n<meta property=\"og:image\" content=\"https:\/\/www.cempulik.eu\/shop\/wp-content\/uploads\/2023\/02\/logo_footer__.png\" \/>\n\t<meta property=\"og:image:width\" content=\"396\" \/>\n\t<meta property=\"og:image:height\" content=\"128\" \/>\n\t<meta property=\"og:image:type\" content=\"image\/png\" \/>\n<meta name=\"twitter:card\" content=\"summary_large_image\" \/>\n<meta name=\"twitter:label1\" content=\"Cena\" \/>\n\t<meta name=\"twitter:data1\" content=\"450,00&nbsp;&#122;&#322;\" \/>\n\t<meta name=\"twitter:label2\" content=\"Dost\u0119pno\u015b\u0107\" \/>\n\t<meta name=\"twitter:data2\" content=\"Dost\u0119pny\" \/>\n<script type=\"application\/ld+json\" class=\"yoast-schema-graph\">{\"@context\":\"https:\/\/schema.org\",\"@graph\":[{\"@type\":\"WebPage\",\"@id\":\"https:\/\/www.cempulik.eu\/shop\/produkt\/engraved-portrait-on-granite-13x18x1-cm\/\",\"url\":\"https:\/\/www.cempulik.eu\/shop\/produkt\/engraved-portrait-on-granite-13x18x1-cm\/\",\"name\":\"Engraved Portrait on Granite 13x18x1 cm - Producent Nagrobk\u00f3w dla Zwierz\u0105t | Tablice i Portrety Nagrobne\",\"isPartOf\":{\"@id\":\"https:\/\/www.cempulik.eu\/shop\/#website\"},\"primaryImageOfPage\":{\"@id\":\"https:\/\/www.cempulik.eu\/shop\/produkt\/engraved-portrait-on-granite-13x18x1-cm\/#primaryimage\"},\"image\":{\"@id\":\"https:\/\/www.cempulik.eu\/shop\/produkt\/engraved-portrait-on-granite-13x18x1-cm\/#primaryimage\"},\"thumbnailUrl\":\"https:\/\/www.cempulik.eu\/shop\/wp-content\/uploads\/2023\/02\/z092.jpg\",\"datePublished\":\"2026-04-16T10:14:59+00:00\",\"breadcrumb\":{\"@id\":\"https:\/\/www.cempulik.eu\/shop\/produkt\/engraved-portrait-on-granite-13x18x1-cm\/#breadcrumb\"},\"inLanguage\":\"pl-PL\",\"potentialAction\":[{\"@type\":\"ReadAction\",\"target\":[\"https:\/\/www.cempulik.eu\/shop\/produkt\/engraved-portrait-on-granite-13x18x1-cm\/\"]}]},{\"@type\":\"ImageObject\",\"inLanguage\":\"pl-PL\",\"@id\":\"https:\/\/www.cempulik.eu\/shop\/produkt\/engraved-portrait-on-granite-13x18x1-cm\/#primaryimage\",\"url\":\"https:\/\/www.cempulik.eu\/shop\/wp-content\/uploads\/2023\/02\/z092.jpg\",\"contentUrl\":\"https:\/\/www.cempulik.eu\/shop\/wp-content\/uploads\/2023\/02\/z092.jpg\",\"width\":360,\"height\":540,\"caption\":\"Grawerowane zdj\u0119cie osoby zmar\u0142ej na nagrobek 35x25cm\"},{\"@type\":\"BreadcrumbList\",\"@id\":\"https:\/\/www.cempulik.eu\/shop\/produkt\/engraved-portrait-on-granite-13x18x1-cm\/#breadcrumb\",\"itemListElement\":[{\"@type\":\"ListItem\",\"position\":1,\"name\":\"shop\",\"item\":\"https:\/\/www.cempulik.eu\/shop\/\"},{\"@type\":\"ListItem\",\"position\":2,\"name\":\"Engraved Portrait on Granite 13x18x1 cm\"}]},{\"@type\":\"WebSite\",\"@id\":\"https:\/\/www.cempulik.eu\/shop\/#website\",\"url\":\"https:\/\/www.cempulik.eu\/shop\/\",\"name\":\"Producent Nagrobk\u00f3w dla Zwierz\u0105t | Tablice i Portrety Nagrobne\",\"description\":\"\",\"publisher\":{\"@id\":\"https:\/\/www.cempulik.eu\/shop\/#organization\"},\"potentialAction\":[{\"@type\":\"SearchAction\",\"target\":{\"@type\":\"EntryPoint\",\"urlTemplate\":\"https:\/\/www.cempulik.eu\/shop\/?s={search_term_string}\"},\"query-input\":{\"@type\":\"PropertyValueSpecification\",\"valueRequired\":true,\"valueName\":\"search_term_string\"}}],\"inLanguage\":\"pl-PL\"},{\"@type\":[\"Organization\",\"Place\"],\"@id\":\"https:\/\/www.cempulik.eu\/shop\/#organization\",\"name\":\"Us\u0142ugi Kamieniarskie Cempulik Stanis\u0142aw\",\"url\":\"https:\/\/www.cempulik.eu\/shop\/\",\"logo\":{\"@id\":\"https:\/\/www.cempulik.eu\/shop\/produkt\/engraved-portrait-on-granite-13x18x1-cm\/#local-main-organization-logo\"},\"image\":{\"@id\":\"https:\/\/www.cempulik.eu\/shop\/produkt\/engraved-portrait-on-granite-13x18x1-cm\/#local-main-organization-logo\"},\"sameAs\":[\"https:\/\/m.facebook.com\/profile.php?id=100063565541500&_rdr\"],\"address\":{\"@id\":\"https:\/\/www.cempulik.eu\/shop\/produkt\/engraved-portrait-on-granite-13x18x1-cm\/#local-main-place-address\"},\"telephone\":[\"+48698936157\"],\"contactPoint\":{\"@type\":\"ContactPoint\",\"telephone\":\"+48698936157\",\"email\":\"firma@cempulik.eu\"},\"openingHoursSpecification\":[{\"@type\":\"OpeningHoursSpecification\",\"dayOfWeek\":[\"Monday\",\"Tuesday\",\"Wednesday\",\"Thursday\",\"Friday\",\"Saturday\",\"Sunday\"],\"opens\":\"07:00\",\"closes\":\"16:00\"}],\"email\":\"firma@cempulik.eu\",\"taxID\":\"6261055842\"},{\"@type\":\"PostalAddress\",\"@id\":\"https:\/\/www.cempulik.eu\/shop\/produkt\/engraved-portrait-on-granite-13x18x1-cm\/#local-main-place-address\",\"streetAddress\":\"Drzewna 23\",\"addressLocality\":\"Bytom\",\"postalCode\":\"41-935\",\"addressRegion\":\"\u015al\u0105skie\",\"addressCountry\":\"PL\"},{\"@type\":\"ImageObject\",\"inLanguage\":\"pl-PL\",\"@id\":\"https:\/\/www.cempulik.eu\/shop\/produkt\/engraved-portrait-on-granite-13x18x1-cm\/#local-main-organization-logo\",\"url\":\"https:\/\/www.cempulik.eu\/shop\/wp-content\/uploads\/2023\/02\/cropped-logo_footer__.png\",\"contentUrl\":\"https:\/\/www.cempulik.eu\/shop\/wp-content\/uploads\/2023\/02\/cropped-logo_footer__.png\",\"width\":512,\"height\":512,\"caption\":\"Us\u0142ugi Kamieniarskie Cempulik Stanis\u0142aw\"}]}<\/script>\n<meta property=\"product:price:amount\" content=\"450.00\" \/>\n<meta property=\"product:price:currency\" content=\"PLN\" \/>\n<meta property=\"og:availability\" content=\"instock\" \/>\n<meta property=\"product:availability\" content=\"instock\" \/>\n<meta property=\"product:retailer_item_id\" content=\"foto 35x25-en\" \/>\n<meta property=\"product:condition\" content=\"new\" \/>\n<meta name=\"geo.placename\" content=\"Bytom\" \/>\n<meta name=\"geo.region\" content=\"Polska\" \/>\n<!-- \/ Yoast SEO Premium plugin. -->","yoast_head_json":{"title":"Engraved Portrait on Granite 13x18x1 cm - Producent Nagrobk\u00f3w dla Zwierz\u0105t | Tablice i Portrety Nagrobne","robots":{"index":"index","follow":"follow","max-snippet":"max-snippet:-1","max-image-preview":"max-image-preview:large","max-video-preview":"max-video-preview:-1"},"canonical":"https:\/\/www.cempulik.eu\/shop\/produkt\/engraved-portrait-on-granite-13x18x1-cm\/","og_locale":"pl_PL","og_type":"article","og_title":"Engraved Portrait on Granite 13x18x1 cm - Producent Nagrobk\u00f3w dla Zwierz\u0105t | Tablice i Portrety Nagrobne","og_description":"Grawerowane zdj\u0119cie osoby zmar\u0142ej o wymiarach 35x25cm pozwala uczci\u0107 pami\u0119\u0107 bliskich . Wykonane na czarnej p\u0142ytce granitowej, te eleganckie i trwa\u0142e zdj\u0119cia to doskona\u0142y spos\u00f3b na upami\u0119tnienie ukochanej osoby. Dost\u0119pne w r\u00f3\u017cnych rozmiarach i formatach, gwarantuj\u0105 wysok\u0105 jako\u015b\u0107 druku i wykonania. Zam\u00f3w ju\u017c dzi\u015b i stw\u00f3rz niezwyk\u0142\u0105 pami\u0105tk\u0119.","og_url":"https:\/\/www.cempulik.eu\/shop\/produkt\/engraved-portrait-on-granite-13x18x1-cm\/","og_site_name":"Producent Nagrobk\u00f3w dla Zwierz\u0105t | Tablice i Portrety Nagrobne","article_publisher":"https:\/\/m.facebook.com\/profile.php?id=100063565541500&_rdr","og_image":[{"width":396,"height":128,"url":"https:\/\/www.cempulik.eu\/shop\/wp-content\/uploads\/2023\/02\/logo_footer__.png","type":"image\/png"}],"twitter_card":"summary_large_image","twitter_misc":{"Cena":"450,00&nbsp;&#122;&#322;","Dost\u0119pno\u015b\u0107":"Dost\u0119pny"},"schema":{"@context":"https:\/\/schema.org","@graph":[{"@type":"WebPage","@id":"https:\/\/www.cempulik.eu\/shop\/produkt\/engraved-portrait-on-granite-13x18x1-cm\/","url":"https:\/\/www.cempulik.eu\/shop\/produkt\/engraved-portrait-on-granite-13x18x1-cm\/","name":"Engraved Portrait on Granite 13x18x1 cm - Producent Nagrobk\u00f3w dla Zwierz\u0105t | Tablice i Portrety Nagrobne","isPartOf":{"@id":"https:\/\/www.cempulik.eu\/shop\/#website"},"primaryImageOfPage":{"@id":"https:\/\/www.cempulik.eu\/shop\/produkt\/engraved-portrait-on-granite-13x18x1-cm\/#primaryimage"},"image":{"@id":"https:\/\/www.cempulik.eu\/shop\/produkt\/engraved-portrait-on-granite-13x18x1-cm\/#primaryimage"},"thumbnailUrl":"https:\/\/www.cempulik.eu\/shop\/wp-content\/uploads\/2023\/02\/z092.jpg","datePublished":"2026-04-16T10:14:59+00:00","breadcrumb":{"@id":"https:\/\/www.cempulik.eu\/shop\/produkt\/engraved-portrait-on-granite-13x18x1-cm\/#breadcrumb"},"inLanguage":"pl-PL","potentialAction":[{"@type":"ReadAction","target":["https:\/\/www.cempulik.eu\/shop\/produkt\/engraved-portrait-on-granite-13x18x1-cm\/"]}]},{"@type":"ImageObject","inLanguage":"pl-PL","@id":"https:\/\/www.cempulik.eu\/shop\/produkt\/engraved-portrait-on-granite-13x18x1-cm\/#primaryimage","url":"https:\/\/www.cempulik.eu\/shop\/wp-content\/uploads\/2023\/02\/z092.jpg","contentUrl":"https:\/\/www.cempulik.eu\/shop\/wp-content\/uploads\/2023\/02\/z092.jpg","width":360,"height":540,"caption":"Grawerowane zdj\u0119cie osoby zmar\u0142ej na nagrobek 35x25cm"},{"@type":"BreadcrumbList","@id":"https:\/\/www.cempulik.eu\/shop\/produkt\/engraved-portrait-on-granite-13x18x1-cm\/#breadcrumb","itemListElement":[{"@type":"ListItem","position":1,"name":"shop","item":"https:\/\/www.cempulik.eu\/shop\/"},{"@type":"ListItem","position":2,"name":"Engraved Portrait on Granite 13x18x1 cm"}]},{"@type":"WebSite","@id":"https:\/\/www.cempulik.eu\/shop\/#website","url":"https:\/\/www.cempulik.eu\/shop\/","name":"Producent Nagrobk\u00f3w dla Zwierz\u0105t | Tablice i Portrety Nagrobne","description":"","publisher":{"@id":"https:\/\/www.cempulik.eu\/shop\/#organization"},"potentialAction":[{"@type":"SearchAction","target":{"@type":"EntryPoint","urlTemplate":"https:\/\/www.cempulik.eu\/shop\/?s={search_term_string}"},"query-input":{"@type":"PropertyValueSpecification","valueRequired":true,"valueName":"search_term_string"}}],"inLanguage":"pl-PL"},{"@type":["Organization","Place"],"@id":"https:\/\/www.cempulik.eu\/shop\/#organization","name":"Us\u0142ugi Kamieniarskie Cempulik Stanis\u0142aw","url":"https:\/\/www.cempulik.eu\/shop\/","logo":{"@id":"https:\/\/www.cempulik.eu\/shop\/produkt\/engraved-portrait-on-granite-13x18x1-cm\/#local-main-organization-logo"},"image":{"@id":"https:\/\/www.cempulik.eu\/shop\/produkt\/engraved-portrait-on-granite-13x18x1-cm\/#local-main-organization-logo"},"sameAs":["https:\/\/m.facebook.com\/profile.php?id=100063565541500&_rdr"],"address":{"@id":"https:\/\/www.cempulik.eu\/shop\/produkt\/engraved-portrait-on-granite-13x18x1-cm\/#local-main-place-address"},"telephone":["+48698936157"],"contactPoint":{"@type":"ContactPoint","telephone":"+48698936157","email":"firma@cempulik.eu"},"openingHoursSpecification":[{"@type":"OpeningHoursSpecification","dayOfWeek":["Monday","Tuesday","Wednesday","Thursday","Friday","Saturday","Sunday"],"opens":"07:00","closes":"16:00"}],"email":"firma@cempulik.eu","taxID":"6261055842"},{"@type":"PostalAddress","@id":"https:\/\/www.cempulik.eu\/shop\/produkt\/engraved-portrait-on-granite-13x18x1-cm\/#local-main-place-address","streetAddress":"Drzewna 23","addressLocality":"Bytom","postalCode":"41-935","addressRegion":"\u015al\u0105skie","addressCountry":"PL"},{"@type":"ImageObject","inLanguage":"pl-PL","@id":"https:\/\/www.cempulik.eu\/shop\/produkt\/engraved-portrait-on-granite-13x18x1-cm\/#local-main-organization-logo","url":"https:\/\/www.cempulik.eu\/shop\/wp-content\/uploads\/2023\/02\/cropped-logo_footer__.png","contentUrl":"https:\/\/www.cempulik.eu\/shop\/wp-content\/uploads\/2023\/02\/cropped-logo_footer__.png","width":512,"height":512,"caption":"Us\u0142ugi Kamieniarskie Cempulik Stanis\u0142aw"}]},"product_price_amount":"450.00","product_price_currency":"PLN","og_availability":"instock","product_availability":"instock","product_retailer_item_id":"foto 35x25-en","product_condition":"new","geo.placename":"Bytom","geo.region":"Polska"},"lang":"pl","translations":{"pl":6235},"pll_sync_post":[],"_links":{"self":[{"href":"https:\/\/www.cempulik.eu\/shop\/wp-json\/wp\/v2\/product\/6235","targetHints":{"allow":["GET"]}}],"collection":[{"href":"https:\/\/www.cempulik.eu\/shop\/wp-json\/wp\/v2\/product"}],"about":[{"href":"https:\/\/www.cempulik.eu\/shop\/wp-json\/wp\/v2\/types\/product"}],"replies":[{"embeddable":true,"href":"https:\/\/www.cempulik.eu\/shop\/wp-json\/wp\/v2\/comments?post=6235"}],"wp:featuredmedia":[{"embeddable":true,"href":"https:\/\/www.cempulik.eu\/shop\/wp-json\/wp\/v2\/media\/115"}],"wp:attachment":[{"href":"https:\/\/www.cempulik.eu\/shop\/wp-json\/wp\/v2\/media?parent=6235"}],"wp:term":[{"taxonomy":"product_brand","embeddable":true,"href":"https:\/\/www.cempulik.eu\/shop\/wp-json\/wp\/v2\/product_brand?post=6235"},{"taxonomy":"product_cat","embeddable":true,"href":"https:\/\/www.cempulik.eu\/shop\/wp-json\/wp\/v2\/product_cat?post=6235"},{"taxonomy":"product_tag","embeddable":true,"href":"https:\/\/www.cempulik.eu\/shop\/wp-json\/wp\/v2\/product_tag?post=6235"}],"curies":[{"name":"wp","href":"https:\/\/api.w.org\/{rel}","templated":true}]}}